{"id":13,"date":"2022-07-04T22:48:34","date_gmt":"2022-07-04T20:48:34","guid":{"rendered":"http:\/\/experwx.cluster030.hosting.ovh.net\/?page_id=13"},"modified":"2022-09-21T13:14:41","modified_gmt":"2022-09-21T11:14:41","slug":"explorations","status":"publish","type":"page","link":"https:\/\/expertsentransition.fr\/index.php\/explorations\/","title":{"rendered":"Les explorations"},"content":{"rendered":"\n<div class=\"wp-block-columns alignwide are-vertically-aligned-top is-style-default is-layout-flex wp-container-core-columns-is-layout-f5e77106 wp-block-columns-is-layout-flex\" style=\"padding-top:0px;padding-right:0px;padding-bottom:0px;padding-left:0px\">\n<div class=\"wp-block-column is-vertically-aligned-top is-layout-flow wp-block-column-is-layout-flow\">\n<div class=\"wp-block-buttons is-content-justification-center is-layout-flex wp-container-core-buttons-is-layout-16018d1d wp-block-buttons-is-layout-flex\">\n<div class=\"wp-block-button has-custom-width wp-block-button__width-100 has-custom-font-size has-large-font-size\"><a class=\"wp-block-button__link has-background\" href=\"https:\/\/expertsentransition.fr\/index.php\/explorations\/groupe-1\/\" style=\"background-color:#f17559\">Groupe 1<\/a><\/div>\n<\/div>\n\n\n\n<p class=\"has-text-color has-small-font-size\" style=\"color:#5a71b4\">Donner un socle dans les pratiques des agents du CEREMA afin de d\u00e9velopper la dynamique transversale, promouvoir la culture int\u00e9gratrice\/facilitatrice et l\u2019approche syst\u00e9mique, et inciter \/ lib\u00e9rer l&rsquo;initiative individuelle Ce socle pourrait se mat\u00e9rialiser par la cr\u00e9ation d\u2019un label \u00abAcc\u00e9l\u00e9rateur territorial de la transition \u00e9cologique \u00bb, accord\u00e9 suite \u00e0 une formation.<\/p>\n<\/div>\n\n\n\n<div class=\"wp-block-column is-vertically-aligned-top is-layout-flow wp-block-column-is-layout-flow\">\n<div class=\"wp-block-buttons alignwide is-horizontal is-content-justification-center is-layout-flex wp-container-core-buttons-is-layout-499968f5 wp-block-buttons-is-layout-flex\">\n<div class=\"wp-block-button has-custom-width wp-block-button__width-100 has-custom-font-size has-large-font-size\"><a class=\"wp-block-button__link has-background\" href=\"https:\/\/expertsentransition.fr\/index.php\/explorations\/groupe-2\/\" style=\"background-color:#f17559\">Groupe 2<\/a><\/div>\n<\/div>\n\n\n\n<p class=\"has-text-color has-small-font-size\" style=\"color:#5a71b4\">Prototyper le cadre et le d\u00e9roulement d\u2019une d\u00e9marche de transition r\u00e9ussie, gr\u00e2ce \u00e0 l\u2019identification des facteurs (leviers, freins, conditions de r\u00e9ussite\u2026) n\u00e9cessitant d\u2019emporter l\u2019adh\u00e9sion des acteurs pour entra\u00eener un changements des comportements. Ce prototypage permettra d\u2019outiller les agents du Cerema et de r\u00e9aliser sous forme ludique une fresque de la transition.<\/p>\n<\/div>\n<\/div>\n\n\n\n<div class=\"wp-block-columns alignwide are-vertically-aligned-top is-layout-flex wp-container-core-columns-is-layout-9d6595d7 wp-block-columns-is-layout-flex\">\n<div class=\"wp-block-column is-vertically-aligned-top is-layout-flow wp-block-column-is-layout-flow\">\n<div class=\"wp-block-buttons is-layout-flex wp-block-buttons-is-layout-flex\">\n<div class=\"wp-block-button has-custom-width wp-block-button__width-100 has-custom-font-size has-large-font-size\"><a class=\"wp-block-button__link has-background\" href=\"https:\/\/expertsentransition.fr\/index.php\/explorations\/groupe-3\/\" style=\"background-color:#f17559\">Groupe 3<\/a><\/div>\n<\/div>\n\n\n\n<p class=\"has-text-color has-small-font-size\" style=\"color:#5a71b4\">Afin de soutenir les transitions au sein des territoires, le CEREMA gagnerait \u00e0 jouer le r\u00f4le d\u2019exemple en mobilisant son patrimoine comme sites d\u2019exp\u00e9rimentations collaboratifs, et son organisation comme laboratoire au service des autres acteurs du territoire afin de faciliter et d\u2019acc\u00e9l\u00e9rer la mise en \u0153uvre de projets innovants.<\/p>\n<\/div>\n\n\n\n<div class=\"wp-block-column is-vertically-aligned-top is-layout-flow wp-block-column-is-layout-flow\">\n<div class=\"wp-block-buttons is-content-justification-center is-layout-flex wp-container-core-buttons-is-layout-16018d1d wp-block-buttons-is-layout-flex\">\n<div class=\"wp-block-button has-custom-width wp-block-button__width-100 has-custom-font-size has-large-font-size\"><a class=\"wp-block-button__link has-background\" href=\"https:\/\/expertsentransition.fr\/index.php\/explorations\/groupe-4\/\" style=\"background-color:#f17559\">Groupe 4<\/a><\/div>\n<\/div>\n\n\n\n<p class=\"has-text-color has-small-font-size\" style=\"color:#5a71b4\">Co-construire une charte pour la Transition permettant de partager en interne et de donner \u00e0 voir en externe le positionnement du Cerema et ses valeurs dans l\u2019accompagnement des territoires.<\/p>\n<\/div>\n<\/div>\n\n\n\n<div class=\"wp-block-columns alignwide are-vertically-aligned-top is-layout-flex wp-container-core-columns-is-layout-9d6595d7 wp-block-columns-is-layout-flex\">\n<div class=\"wp-block-column is-vertically-aligned-top is-layout-flow wp-block-column-is-layout-flow\">\n<div class=\"wp-block-buttons is-content-justification-center is-layout-flex wp-container-core-buttons-is-layout-16018d1d wp-block-buttons-is-layout-flex\">\n<div class=\"wp-block-button has-custom-width wp-block-button__width-100 has-custom-font-size has-large-font-size\"><a class=\"wp-block-button__link has-background\" href=\"https:\/\/expertsentransition.fr\/index.php\/explorations\/groupe-5\/\" style=\"background-color:#f17559\">Groupe 5<\/a><\/div>\n<\/div>\n\n\n\n<p class=\"has-text-color has-small-font-size\" style=\"color:#5a71b4\">D\u00e9velopper une m\u00e9thode, des cl\u00e9s de questionnement communes aux agents du Cerema pour appr\u00e9cier le besoin des collectivit\u00e9s en mati\u00e8re de transition \u00e9cologique et sociale et les aider \u00e0 faire \u00e9merger les parties prenantes du territoire et \u00e0 les mobiliser.<\/p>\n<\/div>\n\n\n\n<div class=\"wp-block-column is-vertically-aligned-top is-layout-flow wp-block-column-is-layout-flow\"><\/div>\n<\/div>\n","protected":false},"excerpt":{"rendered":"<p>Donner un socle dans les pratiques des agents du CEREMA afin de d\u00e9velopper la dynamique transversale, promouvoir la culture int\u00e9gratrice\/facilitatrice et l\u2019approche syst\u00e9mique, et inciter \/ lib\u00e9rer l&rsquo;initiative individuelle Ce socle pourrait se mat\u00e9rialiser par la cr\u00e9ation d\u2019un label \u00abAcc\u00e9l\u00e9rateur territorial de la transition \u00e9cologique \u00bb, accord\u00e9 suite \u00e0 une formation. Prototyper le cadre et&hellip; <a class=\"more-link\" href=\"https:\/\/expertsentransition.fr\/index.php\/explorations\/\">Poursuivre la lecture <span class=\"screen-reader-text\">Les explorations<\/span><\/a><\/p>\n","protected":false},"author":1,"featured_media":0,"parent":0,"menu_order":0,"comment_status":"closed","ping_status":"closed","template":"","meta":{"footnotes":""},"class_list":["post-13","page","type-page","status-publish","hentry","entry"],"_links":{"self":[{"href":"https:\/\/expertsentransition.fr\/index.php\/wp-json\/wp\/v2\/pages\/13","targetHints":{"allow":["GET"]}}],"collection":[{"href":"https:\/\/expertsentransition.fr\/index.php\/wp-json\/wp\/v2\/pages"}],"about":[{"href":"https:\/\/expertsentransition.fr\/index.php\/wp-json\/wp\/v2\/types\/page"}],"author":[{"embeddable":true,"href":"https:\/\/expertsentransition.fr\/index.php\/wp-json\/wp\/v2\/users\/1"}],"replies":[{"embeddable":true,"href":"https:\/\/expertsentransition.fr\/index.php\/wp-json\/wp\/v2\/comments?post=13"}],"version-history":[{"count":11,"href":"https:\/\/expertsentransition.fr\/index.php\/wp-json\/wp\/v2\/pages\/13\/revisions"}],"predecessor-version":[{"id":379,"href":"https:\/\/expertsentransition.fr\/index.php\/wp-json\/wp\/v2\/pages\/13\/revisions\/379"}],"wp:attachment":[{"href":"https:\/\/expertsentransition.fr\/index.php\/wp-json\/wp\/v2\/media?parent=13"}],"curies":[{"name":"wp","href":"https:\/\/api.w.org\/{rel}","templated":true}]}}

<div class="wp-block-columns alignwide are-vertically-aligned-top is-style-default is-layout-flex wp-container-core-columns-is-layout-f5e77106 wp-block-columns-is-layout-flex" style="padding-top:0px;padding-right:0px;padding-bottom:0px;padding-left:0px">
<div class="wp-block-column is-vertically-aligned-top is-layout-flow wp-block-column-is-layout-flow">
<div class="wp-block-buttons is-content-justification-center is-layout-flex wp-container-core-buttons-is-layout-16018d1d wp-block-buttons-is-layout-flex">
<div class="wp-block-button has-custom-width wp-block-button__width-100 has-custom-font-size has-large-font-size"><a class="wp-block-button__link has-background" href="https://expertsentransition.fr/index.php/explorations/groupe-1/" style="background-color:#f17559">Groupe 1</a></div>
</div>



<p class="has-text-color has-small-font-size" style="color:#5a71b4">Donner un socle dans les pratiques des agents du CEREMA afin de développer la dynamique transversale, promouvoir la culture intégratrice/facilitatrice et l’approche systémique, et inciter / libérer l&rsquo;initiative individuelle Ce socle pourrait se matérialiser par la création d’un label «Accélérateur territorial de la transition écologique », accordé suite à une formation.</p>
</div>



<div class="wp-block-column is-vertically-aligned-top is-layout-flow wp-block-column-is-layout-flow">
<div class="wp-block-buttons alignwide is-horizontal is-content-justification-center is-layout-flex wp-container-core-buttons-is-layout-499968f5 wp-block-buttons-is-layout-flex">
<div class="wp-block-button has-custom-width wp-block-button__width-100 has-custom-font-size has-large-font-size"><a class="wp-block-button__link has-background" href="https://expertsentransition.fr/index.php/explorations/groupe-2/" style="background-color:#f17559">Groupe 2</a></div>
</div>



<p class="has-text-color has-small-font-size" style="color:#5a71b4">Prototyper le cadre et le déroulement d’une démarche de transition réussie, grâce à l’identification des facteurs (leviers, freins, conditions de réussite…) nécessitant d’emporter l’adhésion des acteurs pour entraîner un changements des comportements. Ce prototypage permettra d’outiller les agents du Cerema et de réaliser sous forme ludique une fresque de la transition.</p>
</div>
</div>



<div class="wp-block-columns alignwide are-vertically-aligned-top is-layout-flex wp-container-core-columns-is-layout-9d6595d7 wp-block-columns-is-layout-flex">
<div class="wp-block-column is-vertically-aligned-top is-layout-flow wp-block-column-is-layout-flow">
<div class="wp-block-buttons is-layout-flex wp-block-buttons-is-layout-flex">
<div class="wp-block-button has-custom-width wp-block-button__width-100 has-custom-font-size has-large-font-size"><a class="wp-block-button__link has-background" href="https://expertsentransition.fr/index.php/explorations/groupe-3/" style="background-color:#f17559">Groupe 3</a></div>
</div>



<p class="has-text-color has-small-font-size" style="color:#5a71b4">Afin de soutenir les transitions au sein des territoires, le CEREMA gagnerait à jouer le rôle d’exemple en mobilisant son patrimoine comme sites d’expérimentations collaboratifs, et son organisation comme laboratoire au service des autres acteurs du territoire afin de faciliter et d’accélérer la mise en œuvre de projets innovants.</p>
</div>



<div class="wp-block-column is-vertically-aligned-top is-layout-flow wp-block-column-is-layout-flow">
<div class="wp-block-buttons is-content-justification-center is-layout-flex wp-container-core-buttons-is-layout-16018d1d wp-block-buttons-is-layout-flex">
<div class="wp-block-button has-custom-width wp-block-button__width-100 has-custom-font-size has-large-font-size"><a class="wp-block-button__link has-background" href="https://expertsentransition.fr/index.php/explorations/groupe-4/" style="background-color:#f17559">Groupe 4</a></div>
</div>



<p class="has-text-color has-small-font-size" style="color:#5a71b4">Co-construire une charte pour la Transition permettant de partager en interne et de donner à voir en externe le positionnement du Cerema et ses valeurs dans l’accompagnement des territoires.</p>
</div>
</div>



<div class="wp-block-columns alignwide are-vertically-aligned-top is-layout-flex wp-container-core-columns-is-layout-9d6595d7 wp-block-columns-is-layout-flex">
<div class="wp-block-column is-vertically-aligned-top is-layout-flow wp-block-column-is-layout-flow">
<div class="wp-block-buttons is-content-justification-center is-layout-flex wp-container-core-buttons-is-layout-16018d1d wp-block-buttons-is-layout-flex">
<div class="wp-block-button has-custom-width wp-block-button__width-100 has-custom-font-size has-large-font-size"><a class="wp-block-button__link has-background" href="https://expertsentransition.fr/index.php/explorations/groupe-5/" style="background-color:#f17559">Groupe 5</a></div>
</div>



<p class="has-text-color has-small-font-size" style="color:#5a71b4">Développer une méthode, des clés de questionnement communes aux agents du Cerema pour apprécier le besoin des collectivités en matière de transition écologique et sociale et les aider à faire émerger les parties prenantes du territoire et à les mobiliser.</p>
</div>



<div class="wp-block-column is-vertically-aligned-top is-layout-flow wp-block-column-is-layout-flow"></div>
</div>

<p>Donner un socle dans les pratiques des agents du CEREMA afin de développer la dynamique transversale, promouvoir la culture intégratrice/facilitatrice et l’approche systémique, et inciter / libérer l&rsquo;initiative individuelle Ce socle pourrait se matérialiser par la création d’un label «Accélérateur territorial de la transition écologique », accordé suite à une formation. Prototyper le cadre et&hellip; <a class="more-link" href="https://expertsentransition.fr/index.php/explorations/">Poursuivre la lecture <span class="screen-reader-text">Les explorations</span></a></p>
