{"id":90,"date":"2022-07-16T16:23:41","date_gmt":"2022-07-16T14:23:41","guid":{"rendered":"http:\/\/experwx.cluster030.hosting.ovh.net\/?page_id=90"},"modified":"2022-09-21T13:22:08","modified_gmt":"2022-09-21T11:22:08","slug":"communaute-urbaine-de-dunkerque","status":"publish","type":"page","link":"https:\/\/expertsentransition.fr\/index.php\/les-territoires\/communaute-urbaine-de-dunkerque\/","title":{"rendered":"Communaut\u00e9 Urbaine de Dunkerque"},"content":{"rendered":"\n<figure class=\"wp-block-image alignwide size-large\"><img loading=\"lazy\" decoding=\"async\" width=\"1024\" height=\"629\" src=\"http:\/\/experwx.cluster030.hosting.ovh.net\/wp-content\/uploads\/2022\/09\/dunkerque-main-1024x629.png\" alt=\"\" class=\"wp-image-265\" srcset=\"https:\/\/expertsentransition.fr\/wp-content\/uploads\/2022\/09\/dunkerque-main-1024x629.png 1024w, https:\/\/expertsentransition.fr\/wp-content\/uploads\/2022\/09\/dunkerque-main-300x184.png 300w, https:\/\/expertsentransition.fr\/wp-content\/uploads\/2022\/09\/dunkerque-main-768x472.png 768w, https:\/\/expertsentransition.fr\/wp-content\/uploads\/2022\/09\/dunkerque-main-1536x944.png 1536w, https:\/\/expertsentransition.fr\/wp-content\/uploads\/2022\/09\/dunkerque-main-2048x1258.png 2048w, https:\/\/expertsentransition.fr\/wp-content\/uploads\/2022\/09\/dunkerque-main-1568x963.png 1568w\" sizes=\"auto, (max-width: 1024px) 100vw, 1024px\" \/><\/figure>\n\n\n\n<h2 class=\"has-text-align-center has-text-color wp-block-heading\" style=\"color:#f17559\">Caract\u00e9ristiques du territoire<\/h2>\n\n\n\n<figure class=\"wp-block-image alignwide size-large\"><img loading=\"lazy\" decoding=\"async\" width=\"1024\" height=\"928\" src=\"http:\/\/experwx.cluster030.hosting.ovh.net\/wp-content\/uploads\/2022\/09\/dunkerque-sociodemo-1024x928.png\" alt=\"\" class=\"wp-image-261\" srcset=\"https:\/\/expertsentransition.fr\/wp-content\/uploads\/2022\/09\/dunkerque-sociodemo-1024x928.png 1024w, https:\/\/expertsentransition.fr\/wp-content\/uploads\/2022\/09\/dunkerque-sociodemo-300x272.png 300w, https:\/\/expertsentransition.fr\/wp-content\/uploads\/2022\/09\/dunkerque-sociodemo-768x696.png 768w, https:\/\/expertsentransition.fr\/wp-content\/uploads\/2022\/09\/dunkerque-sociodemo-1536x1393.png 1536w, https:\/\/expertsentransition.fr\/wp-content\/uploads\/2022\/09\/dunkerque-sociodemo-2048x1857.png 2048w, https:\/\/expertsentransition.fr\/wp-content\/uploads\/2022\/09\/dunkerque-sociodemo-1568x1422.png 1568w\" sizes=\"auto, (max-width: 1024px) 100vw, 1024px\" \/><\/figure>\n\n\n\n<div style=\"height:45px\" aria-hidden=\"true\" class=\"wp-block-spacer\"><\/div>\n\n\n\n<h2 class=\"has-text-align-center has-text-color wp-block-heading\" style=\"color:#f17559\">Chronologie du d\u00e9veloppement <br>de la d\u00e9marche<\/h2>\n\n\n\n<figure class=\"wp-block-image alignfull size-large\"><img loading=\"lazy\" decoding=\"async\" width=\"1024\" height=\"814\" src=\"http:\/\/experwx.cluster030.hosting.ovh.net\/wp-content\/uploads\/2022\/09\/dunkerque-chronologie-1024x814.png\" alt=\"\" class=\"wp-image-264\" srcset=\"https:\/\/expertsentransition.fr\/wp-content\/uploads\/2022\/09\/dunkerque-chronologie-1024x814.png 1024w, https:\/\/expertsentransition.fr\/wp-content\/uploads\/2022\/09\/dunkerque-chronologie-300x238.png 300w, https:\/\/expertsentransition.fr\/wp-content\/uploads\/2022\/09\/dunkerque-chronologie-768x611.png 768w, https:\/\/expertsentransition.fr\/wp-content\/uploads\/2022\/09\/dunkerque-chronologie-1536x1221.png 1536w, https:\/\/expertsentransition.fr\/wp-content\/uploads\/2022\/09\/dunkerque-chronologie-2048x1628.png 2048w, https:\/\/expertsentransition.fr\/wp-content\/uploads\/2022\/09\/dunkerque-chronologie-1568x1247.png 1568w\" sizes=\"auto, (max-width: 1024px) 100vw, 1024px\" \/><\/figure>\n\n\n\n<div style=\"height:45px\" aria-hidden=\"true\" class=\"wp-block-spacer\"><\/div>\n\n\n\n<h2 class=\"has-text-align-center has-text-color wp-block-heading\" style=\"color:#f17559\">Cartographie<\/h2>\n\n\n\n<div class=\"wp-block-columns alignfull is-style-default is-layout-flex wp-container-core-columns-is-layout-9d6595d7 wp-block-columns-is-layout-flex\">\n<div class=\"wp-block-column is-layout-flow wp-block-column-is-layout-flow\">\n<figure class=\"wp-block-image size-large is-resized\"><img loading=\"lazy\" decoding=\"async\" src=\"http:\/\/experwx.cluster030.hosting.ovh.net\/wp-content\/uploads\/2022\/09\/dunkerque-map-1024x389.png\" alt=\"\" class=\"wp-image-267\" width=\"816\" height=\"310\" srcset=\"https:\/\/expertsentransition.fr\/wp-content\/uploads\/2022\/09\/dunkerque-map-1024x389.png 1024w, https:\/\/expertsentransition.fr\/wp-content\/uploads\/2022\/09\/dunkerque-map-300x114.png 300w, https:\/\/expertsentransition.fr\/wp-content\/uploads\/2022\/09\/dunkerque-map-768x292.png 768w, https:\/\/expertsentransition.fr\/wp-content\/uploads\/2022\/09\/dunkerque-map-1536x584.png 1536w, https:\/\/expertsentransition.fr\/wp-content\/uploads\/2022\/09\/dunkerque-map-1568x596.png 1568w, https:\/\/expertsentransition.fr\/wp-content\/uploads\/2022\/09\/dunkerque-map.png 1694w\" sizes=\"auto, (max-width: 816px) 100vw, 816px\" \/><\/figure>\n<\/div>\n\n\n\n<div class=\"wp-block-column is-layout-flow wp-block-column-is-layout-flow\">\n<div class=\"wp-block-buttons is-layout-flex wp-block-buttons-is-layout-flex\">\n<div class=\"wp-block-button\"><a class=\"wp-block-button__link has-background\" style=\"background-color:#f17559\">1 &#8211; Grande-Synthe<\/a><\/div>\n<\/div>\n\n\n\n<p class=\"has-text-color has-small-font-size\" style=\"color:#f17559\">+ projet alimentaire<br>+ \u00e9mancipation des habitants<br>+ \u00e9ducation populaire<\/p>\n\n\n\n<div class=\"wp-block-buttons is-layout-flex wp-block-buttons-is-layout-flex\">\n<div class=\"wp-block-button\"><a class=\"wp-block-button__link has-background\" style=\"background-color:#f17559\">2 &#8211; Gravelines<\/a><\/div>\n<\/div>\n\n\n\n<p class=\"has-text-color has-small-font-size\" style=\"color:#f17559\">+ patrimoine Vauban<br>+ vocation touristique<\/p>\n\n\n\n<div class=\"wp-block-buttons is-layout-flex wp-block-buttons-is-layout-flex\">\n<div class=\"wp-block-button\"><a class=\"wp-block-button__link has-background\" style=\"background-color:#f17559\">3 &#8211; Acteurs \u00e9conomiques<\/a><\/div>\n<\/div>\n\n\n\n<p class=\"has-text-color has-small-font-size\" style=\"color:#f17559\">+ REV3 (3e r\u00e9volution industrielle)<br>+ \u00e9conomie circulaire, valorisation des co-produits<br>+ \u00e9conomie sociale et solidaire<\/p>\n\n\n\n<div class=\"wp-block-buttons is-layout-flex wp-block-buttons-is-layout-flex\">\n<div class=\"wp-block-button\"><a class=\"wp-block-button__link has-background\" style=\"background-color:#f17559\">4 &#8211; La halle aux sucres<\/a><\/div>\n<\/div>\n\n\n\n<p class=\"has-text-color has-small-font-size\" style=\"color:#f17559\">+ lieu vivant pour la ville durable<br>+ toutes les parties prenantes rassembl\u00e9es en un lieu<br>+ rendez-vous r\u00e9guliers aux habitants<\/p>\n\n\n\n<div class=\"wp-block-buttons is-layout-flex wp-block-buttons-is-layout-flex\">\n<div class=\"wp-block-button\"><a class=\"wp-block-button__link has-background\" style=\"background-color:#f17559\">5 &#8211; Littoral<\/a><\/div>\n<\/div>\n\n\n\n<p class=\"has-text-color has-small-font-size\" style=\"color:#f17559\">+ cit\u00e9 baln\u00e9aire<br>+ espaces naturels pr\u00e9serv\u00e9s<\/p>\n<\/div>\n<\/div>\n\n\n\n<div style=\"height:15px\" aria-hidden=\"true\" class=\"wp-block-spacer\"><\/div>\n\n\n\n<figure class=\"wp-block-image alignwide size-large\"><img loading=\"lazy\" decoding=\"async\" width=\"1024\" height=\"323\" src=\"http:\/\/experwx.cluster030.hosting.ovh.net\/wp-content\/uploads\/2022\/09\/dunkerque-photo-fin-1024x323.png\" alt=\"\" class=\"wp-image-274\" srcset=\"https:\/\/expertsentransition.fr\/wp-content\/uploads\/2022\/09\/dunkerque-photo-fin-1024x323.png 1024w, https:\/\/expertsentransition.fr\/wp-content\/uploads\/2022\/09\/dunkerque-photo-fin-300x94.png 300w, https:\/\/expertsentransition.fr\/wp-content\/uploads\/2022\/09\/dunkerque-photo-fin-768x242.png 768w, https:\/\/expertsentransition.fr\/wp-content\/uploads\/2022\/09\/dunkerque-photo-fin-1536x484.png 1536w, https:\/\/expertsentransition.fr\/wp-content\/uploads\/2022\/09\/dunkerque-photo-fin-2048x645.png 2048w, https:\/\/expertsentransition.fr\/wp-content\/uploads\/2022\/09\/dunkerque-photo-fin-1568x494.png 1568w\" sizes=\"auto, (max-width: 1024px) 100vw, 1024px\" \/><\/figure>\n\n\n\n<div class=\"wp-block-columns alignfull has-background is-layout-flex wp-container-core-columns-is-layout-9d6595d7 wp-block-columns-is-layout-flex\" style=\"background-color:#fbdcd5\">\n<div class=\"wp-block-column is-layout-flow wp-block-column-is-layout-flow\">\n<div style=\"height:15px\" aria-hidden=\"true\" class=\"wp-block-spacer\"><\/div>\n\n\n\n<div class=\"wp-block-columns is-layout-flex wp-container-core-columns-is-layout-9d6595d7 wp-block-columns-is-layout-flex\">\n<div class=\"wp-block-column is-layout-flow wp-block-column-is-layout-flow\">\n<p class=\"has-text-align-center has-small-font-size\">D\u00e9couvrir l\u2019hypoth\u00e8se li\u00e9e \u00e0 ce territoire<\/p>\n\n\n\n<div class=\"wp-block-buttons is-content-justification-center is-layout-flex wp-container-core-buttons-is-layout-16018d1d wp-block-buttons-is-layout-flex\">\n<div class=\"wp-block-button has-custom-font-size has-small-font-size\"><a class=\"wp-block-button__link has-white-color has-text-color has-background\" href=\"https:\/\/expertsentransition.fr\/index.php\/explorations\/groupe-5\/\" style=\"background-color:#5a71b4\">D\u00e9couvrir l\u2019hypoth\u00e8se<\/a><\/div>\n<\/div>\n\n\n\n<div style=\"height:15px\" aria-hidden=\"true\" class=\"wp-block-spacer\"><\/div>\n<\/div>\n\n\n\n<div class=\"wp-block-column is-layout-flow wp-block-column-is-layout-flow\">\n<p class=\"has-text-align-center has-small-font-size\">Vous souhaitez en savoir plus ?<\/p>\n\n\n\n<div class=\"wp-block-buttons is-content-justification-center is-layout-flex wp-container-core-buttons-is-layout-16018d1d wp-block-buttons-is-layout-flex\">\n<div class=\"wp-block-button has-custom-font-size has-small-font-size\"><a class=\"wp-block-button__link has-white-color has-text-color has-background\" href=\"https:\/\/www.communaute-urbaine-dunkerque.fr\/\" style=\"background-color:#5a71b4\" target=\"_blank\" rel=\"noreferrer noopener\">Contacter le territoire<\/a><\/div>\n<\/div>\n\n\n\n<div style=\"height:15px\" aria-hidden=\"true\" class=\"wp-block-spacer\"><\/div>\n<\/div>\n<\/div>\n<\/div>\n<\/div>\n","protected":false},"excerpt":{"rendered":"<p>Caract\u00e9ristiques du territoire Chronologie du d\u00e9veloppement de la d\u00e9marche Cartographie + projet alimentaire+ \u00e9mancipation des habitants+ \u00e9ducation populaire + patrimoine Vauban+ vocation touristique + REV3 (3e r\u00e9volution industrielle)+ \u00e9conomie circulaire, valorisation des co-produits+ \u00e9conomie sociale et solidaire + lieu vivant pour la ville durable+ toutes les parties prenantes rassembl\u00e9es en un lieu+ rendez-vous r\u00e9guliers aux&hellip; <a class=\"more-link\" href=\"https:\/\/expertsentransition.fr\/index.php\/les-territoires\/communaute-urbaine-de-dunkerque\/\">Poursuivre la lecture <span class=\"screen-reader-text\">Communaut\u00e9 Urbaine de Dunkerque<\/span><\/a><\/p>\n","protected":false},"author":1,"featured_media":0,"parent":94,"menu_order":5,"comment_status":"closed","ping_status":"closed","template":"","meta":{"footnotes":""},"class_list":["post-90","page","type-page","status-publish","hentry","entry"],"_links":{"self":[{"href":"https:\/\/expertsentransition.fr\/index.php\/wp-json\/wp\/v2\/pages\/90","targetHints":{"allow":["GET"]}}],"collection":[{"href":"https:\/\/expertsentransition.fr\/index.php\/wp-json\/wp\/v2\/pages"}],"about":[{"href":"https:\/\/expertsentransition.fr\/index.php\/wp-json\/wp\/v2\/types\/page"}],"author":[{"embeddable":true,"href":"https:\/\/expertsentransition.fr\/index.php\/wp-json\/wp\/v2\/users\/1"}],"replies":[{"embeddable":true,"href":"https:\/\/expertsentransition.fr\/index.php\/wp-json\/wp\/v2\/comments?post=90"}],"version-history":[{"count":14,"href":"https:\/\/expertsentransition.fr\/index.php\/wp-json\/wp\/v2\/pages\/90\/revisions"}],"predecessor-version":[{"id":391,"href":"https:\/\/expertsentransition.fr\/index.php\/wp-json\/wp\/v2\/pages\/90\/revisions\/391"}],"up":[{"embeddable":true,"href":"https:\/\/expertsentransition.fr\/index.php\/wp-json\/wp\/v2\/pages\/94"}],"wp:attachment":[{"href":"https:\/\/expertsentransition.fr\/index.php\/wp-json\/wp\/v2\/media?parent=90"}],"curies":[{"name":"wp","href":"https:\/\/api.w.org\/{rel}","templated":true}]}}